{"id":23,"date":"2026-04-02T13:41:12","date_gmt":"2026-04-02T13:41:12","guid":{"rendered":"https:\/\/hey-man.nl\/?page_id=23"},"modified":"2026-04-02T18:23:36","modified_gmt":"2026-04-02T18:23:36","slug":"23-2","status":"publish","type":"page","link":"https:\/\/hey-man.nl\/","title":{"rendered":"Hey Man Coaching"},"content":{"rendered":"\n<figure class=\"wp-block-image size-large\"><img loading=\"lazy\" decoding=\"async\" width=\"683\" height=\"1024\" src=\"https:\/\/hey-man.nl\/wp-content\/uploads\/2026\/03\/grok_image_1772178725501-683x1024.jpg\" alt=\"\" class=\"wp-image-7\" style=\"aspect-ratio:16\/9;object-fit:cover\"\/><\/figure>\n\n\n\n<div class=\"wp-block-group has-global-padding is-layout-constrained wp-block-group-is-layout-constrained\">\n<h2 data-wp-context---core-fit-text=\"core\/fit-text::{&quot;fontSize&quot;:&quot;&quot;}\" data-wp-init---core-fit-text=\"core\/fit-text::callbacks.init\" data-wp-interactive data-wp-style--font-size=\"core\/fit-text::context.fontSize\" class=\"wp-block-heading has-fit-text\"><strong>Waarom ik Hey Man Coaching ben begonnen<\/strong><\/h2>\n\n\n\n<pre class=\"wp-block-verse\">Ik heb het zelf meegemaakt.<br>Het onmiskenbare gevoel van eenzaamheid, ook al heb je een gezin, vrienden, familie en collega\u2019s. Het gevoel blijft hangen. Hoe meer je erover nadenkt, hoe erger het wordt. Social media maakt het niet beter als het eenmaal in je algoritme zit.<br>Je blijft functioneren voor iedereen: echtgenoot zijn, vader zijn, vriend zijn, collega en werknemer. Maar van binnen komt steeds weer die vraag: waarom? Wat doe ik verkeerd? Waarom gaat het gevoel niet weg?<br><\/pre>\n\n\n\n<pre class=\"wp-block-verse\">Je praat er niet over. Tenminste, niet echt.<br>Je bent een man. Emoties zijn zwak. Je gaat niemand ermee lastigvallen. Jij bent er voor de oplossingen, om sterk te zijn en alles te dragen voor een ander.<br>En toch kan je het niet alleen.<br>De last van gevoelens, emoties en verplichtingen wordt zwaarder. Elke dag een beetje meer. Tot je niet meer kan. Je breekt langzaam af van binnen, en niemand ziet het aan de buitenkant. Alles is \u201cprima\u201d en \u201cgoed hoor\u201d.<br>Je functioneert, doet wat je moet doen en wat er van je wordt gevraagd. Dat is wat een man doet en hoort te doen. Toch?<br>Je bent niet de enige die hiermee worstelt. Je bent niet alleen.<br>Honderden, zo niet duizenden mannen maken dit dagelijks mee.<br><\/pre>\n\n\n\n<pre class=\"wp-block-verse\">De een kan het beter volhouden dan de ander.<br>De cijfers liegen er niet om:<br>Bijna 50% van de Nederlandse mannen voelt zich eenzaam.<br>In 2024 pleegden 1.849 mensen su\u00efcide in Nederland, waarvan 68% mannen (1.250 mannen).<br>Elke su\u00efcide is er \u00e9\u00e9n te veel.<br><strong>Een permanente oplossing voor een tijdelijk probleem.<\/strong><br><\/pre>\n\n\n\n<pre class=\"wp-block-verse\">Eenzaamheid. Het gevoel alleen te zijn terwijl je niet alleen bent, is stekend. Het gevoel dat niemand je echt begrijpt, dat je niet echt gehoord wordt. Dat maakt je eenzaam. Niet het verwateren van een vriendschap. Nee. Het gevoel dat je nergens terecht kunt waar iemand \u00e9cht naar je luistert, zonder oordeel, zonder oplossing, zonder dat iemand anders zijn gevoelens met die van jou gaat vergelijken.<\/pre>\n\n\n\n<div class=\"wp-block-media-text is-stacked-on-mobile\"><figure class=\"wp-block-media-text__media\"><img loading=\"lazy\" decoding=\"async\" width=\"772\" height=\"1024\" src=\"https:\/\/hey-man.nl\/wp-content\/uploads\/2026\/04\/grok-image-2a038cd7-266e-4b24-b943-e72c19b579f4-1-772x1024.jpg\" alt=\"\" class=\"wp-image-43 size-full\" srcset=\"https:\/\/hey-man.nl\/wp-content\/uploads\/2026\/04\/grok-image-2a038cd7-266e-4b24-b943-e72c19b579f4-1-772x1024.jpg 772w, https:\/\/hey-man.nl\/wp-content\/uploads\/2026\/04\/grok-image-2a038cd7-266e-4b24-b943-e72c19b579f4-1-226x300.jpg 226w, https:\/\/hey-man.nl\/wp-content\/uploads\/2026\/04\/grok-image-2a038cd7-266e-4b24-b943-e72c19b579f4-1-768x1019.jpg 768w, https:\/\/hey-man.nl\/wp-content\/uploads\/2026\/04\/grok-image-2a038cd7-266e-4b24-b943-e72c19b579f4-1.jpg 880w\" sizes=\"auto, (max-width: 772px) 100vw, 772px\" \/><\/figure><div class=\"wp-block-media-text__content\">\n<p>Hey Man!<br>Ik ben Marcel. Aangenaam.<br>Ik ben er. Om naar je te luisteren, je te horen en je te zien.<br>Je bent niet alleen.<br><strong>Samen<\/strong> komen we eruit.<br><strong>Samen<\/strong> staan we <strong>sterk<\/strong>.<\/p>\n<\/div><\/div>\n<\/div>\n\n\n\n<figure class=\"wp-block-image\"><img loading=\"lazy\" decoding=\"async\" width=\"832\" height=\"1248\" src=\"https:\/\/hey-man.nl\/wp-content\/uploads\/2026\/04\/grok-image-11cfe26c-f3be-40ea-89f9-d433478844b9.jpg\" alt=\"\" class=\"wp-image-31\" style=\"aspect-ratio:2\/3;object-fit:cover\" srcset=\"https:\/\/hey-man.nl\/wp-content\/uploads\/2026\/04\/grok-image-11cfe26c-f3be-40ea-89f9-d433478844b9.jpg 832w, https:\/\/hey-man.nl\/wp-content\/uploads\/2026\/04\/grok-image-11cfe26c-f3be-40ea-89f9-d433478844b9-200x300.jpg 200w, https:\/\/hey-man.nl\/wp-content\/uploads\/2026\/04\/grok-image-11cfe26c-f3be-40ea-89f9-d433478844b9-683x1024.jpg 683w, https:\/\/hey-man.nl\/wp-content\/uploads\/2026\/04\/grok-image-11cfe26c-f3be-40ea-89f9-d433478844b9-768x1152.jpg 768w\" sizes=\"auto, (max-width: 832px) 100vw, 832px\" \/><\/figure>\n","protected":false},"excerpt":{"rendered":"<p>Waarom ik Hey Man Coaching ben begonnen Ik heb het zelf meegemaakt.Het onmiskenbare gevoel van eenzaamheid, ook al heb je een gezin, vrienden, familie en collega\u2019s. Het gevoel blijft hangen. Hoe meer je erover nadenkt, hoe erger het wordt. Social media maakt het niet beter als het eenmaal in je algoritme zit.Je blijft functioneren voor [&hellip;]<\/p>\n","protected":false},"author":1,"featured_media":0,"parent":0,"menu_order":0,"comment_status":"closed","ping_status":"closed","template":"","meta":{"footnotes":""},"class_list":["post-23","page","type-page","status-publish","hentry"],"_links":{"self":[{"href":"https:\/\/hey-man.nl\/index.php\/wp-json\/wp\/v2\/pages\/23","targetHints":{"allow":["GET"]}}],"collection":[{"href":"https:\/\/hey-man.nl\/index.php\/wp-json\/wp\/v2\/pages"}],"about":[{"href":"https:\/\/hey-man.nl\/index.php\/wp-json\/wp\/v2\/types\/page"}],"author":[{"embeddable":true,"href":"https:\/\/hey-man.nl\/index.php\/wp-json\/wp\/v2\/users\/1"}],"replies":[{"embeddable":true,"href":"https:\/\/hey-man.nl\/index.php\/wp-json\/wp\/v2\/comments?post=23"}],"version-history":[{"count":5,"href":"https:\/\/hey-man.nl\/index.php\/wp-json\/wp\/v2\/pages\/23\/revisions"}],"predecessor-version":[{"id":46,"href":"https:\/\/hey-man.nl\/index.php\/wp-json\/wp\/v2\/pages\/23\/revisions\/46"}],"wp:attachment":[{"href":"https:\/\/hey-man.nl\/index.php\/wp-json\/wp\/v2\/media?parent=23"}],"curies":[{"name":"wp","href":"https:\/\/api.w.org\/{rel}","templated":true}]}}